11
What is -4 + (8 - 9) - 5?
-10
Evaluate (-1 - -1 - 2) + 43 + -52.
-11
Calculate (-3 - -4) + 0 + (9 - (-4 - -2)).
12
-5 - 2 - (-30 - ((3 - 8) + -5))
13
(1 - -5) + -13 - -2 - (5 + -8)
-2
Calculate (12 - (25 + -12)) + (0 - -1).
0
What is 6 + (-7 - 6 - (0 + -4)) + -3?
-6
What is the value of 17 - -19 - 24 - -2?
14
What is (-16 + -1 - -10) + 8?
1
Calculate -1 - 23 - (-95 + 87).
-16
What is (12 - (22 + -6)) + 0?
-4
What is 19 + -3 + (-28 + 14 - (0 + -18))?
20
Evaluate 0 - ((-4 - 4) + (3 - 0 - 3)).
8
Evaluate 11 + (-5 + 14 - (29 - 27)).
18
Evaluate -7 + (-5 - (-9 - 0) - 10) - -4.
-9
What is the value of -3 - (4 + -14) - (39 + -20)?
-12
Evaluate -5 - (-2 + (-33 - -9)).
21
Evaluate (93 - 94) + (4 + -4 - (0 - -2)).
-3
What is -9 + 10 + (11 - 8) + -9?
-5
Calculate 6 - (-16 - (-10 - -1) - (-3 - 3)).
7
What is -464 + 464 + (4 - (1 - 1))?
4
Evaluate -68 - -59 - (3 + (-19 - 1)).
8
What is the value of 10 - (0 + (0 - (1 + -6 + 1)))?
6
270 - 265 - (-15 - -1)
19
Calculate -7 - (19 + -29 - (0 + -1)).
2
What is -10 - (2 + 0 - 11)?
-1
Evaluate -599 - -603 - (1 - -9) - (-23 + 2).
15
What is the value of (520 - 547) + (-2 + 3 - -5)?
-21
Calculate (1 - -2 - -3 - 5) + 3 + 1.
5
What is -13 - (2 + 2 - (-10 + 50 + -27))?
-4
What is the value of -10 + 6 + (1 - (-1 - -3)) + 2?
-3
Calculate (7 + -9 - -17) + 36 + -32.
19
What is the value of -26 + (4 - -10) + 3?
-9
Evaluate -668 + 663 + (24 - -1).
20
What is the value of 8 - ((1 - -11) + (394 - 399))?
1
What is (-13 - (-33 + 21)) + 0?
-1
Calculate 2 + -2 - (-8 + 3 - 2).
7
Calculate 2 + (7 - 7) - (-6 + 3 + -1).
6
Calculate 3 - (-11 - -8) - (26 + -4).
-16
4662 + -4664 - (-13 + (2 - 0) + -2)
11
What is -66 - -63 - (18 + -3)?
-18
What is the value of 7 + (-5 - 3) + 1 + 3?
3
Evaluate 11 - 8 - -7 - -14.
24
What is 3 - (5 - 9 - 3 - (-30 - -2))?
-18
What is the value of -8 + (3 - (-1 - -12)) + 38?
22
Evaluate -9 - ((-28 - -12) + 21).
-14
(-2 - 2) + -3 + -7 - (171 - 170)
-15
What is -17 - -1 - (-61 - -53)?
-8
-30 + (-16 - -19 - -17)
-10
What is -17 - (-1 + 5) - (8 + -16)?
-13
(13 - (-8 - -37)) + 17 - (1 - 3)
3
What is -34 - -38 - (-3 + 13)?
-6
What is the value of 12 + -22 + 5 - -14?
9
Calculate (27 - -3 - 11) + -4 - 2.
13
-15 + 0 + 7 + 3 + 2 + 0
-3
What is the value of -24 - (-6 + 10 + -15)?
-13
What is 24 - (-1 - -12 - (-374 + 386))?
25
What is the value of 1 + -1 + 8 + 1154 + -1171 - -11?
2
19 - (4 + -3) - (135 + -147)
30
Evaluate (6 - (8 - 4 - 5 - -27)) + 2.
-18
What is 16 + -4 + -3 + -12 + 5 + 7?
9
What is the value of -4 - ((4 - 5) + 8 + (-9 - -4))?
-6
Evaluate -3 + -4 + (16 + -2 - (24 + -15)).
-2
What is -24 - (-5 - 9) - -20 - 1?
9
What is (-3 - 2) + (0 - (0 + -3))?
-2
Calculate -7 + 3 + (3 + -4 - 4) + -1.
-10
Evaluate 5 + (-2 - -1) + (200 - 193).
11
What is (1 + 13 - (-20 - -31)) + -11?
-8
-64 + 4 - -85 - (4 + -2 + 5)
18
What is -17 + (22 - 36) + 7 + -3?
-27
What is the value of (-5 - (-4 - (-2 - 3))) + 15 + 1?
10
What is the value of 12 + 2 + (-5 - -2)?
11
-15 + 6 + 6 + 1
-2
Evaluate 5 + (-31 + 8 + -5 - (31 - 20)).
-34
Calculate (11 + -5 + -12 - -11 - 4) + -11.
-10
Calculate -1 + 9 + (-1 - -8) + -26.
-11
(11 + (1 - -4) - 5) + -13 - 9
-11
Evaluate (10 - 35) + (-3 - -11).
-17
Evaluate (-34 - -18) + 1 + 4 - -9.
-2
Calculate -4 + (-28 - -28) + 24 + -3.
17
Calculate 209 + -233 - ((-2 - -6) + -13).
-15
(-1 - -6) + -32 + 12 + 12
-3
17 + 0 - (10 - ((17 - -6) + -9))
21
What is (-49 - -43) + (1 - 2) + -1?
-8
35 + -21 - (2 + 20)
-8
Evaluate -20 + (1 - -4) + 19.
4
What is -15 + 8 + 12 - (0 - -8) - 6?
-9
What is -14 + 5 - (-33 - -36)?
-12
-5 - (10 + -12) - -8
5
Evaluate -9 + (1 - -2) + (-23 - -36 - 26).
-19
(-2 - (-11 - 4)) + -39
-26
-17 - (4 - (-16 + 44 + -16))
-9
What is the value of -1 - (3 + -30 - -36)?
-10
-8 + 4 + 8 - (18 - 4)
-10
Evaluate 15 + -1 - (113 + -88 - 32).
21
What is the value of (-31 - -31) + 2 + (1 - (9 + -2))?
-4
Calculate 50 + -48 - (-3 - 7).
12
-5 + (9 + 10 - -1) - 5
10
Calculate -2 + (6 - -4) + -12 + 35 - 9.
22
What is the value of (15 - (15 - (-8 - -22))) + 12?
26
What is 19 - (34 - 11) - (0 + 28)?
-32
What is the value of 1 + 0 + -11 + (12 - -2) + -12?
-8
6 + -8 - -3 - (1 + 6 + -3)
-3
What is the value of -24 + 12 + 29 + -11?
6
What is -437 + 447 - (1 - -52) - -13?
-30
(6 - (-14 + 4)) + -4
12
What is the value of 504 - 513 - (1 - (-1 - 7))?
-18
Evaluate 2 - (-2 - (-17 + 8)).
-5
Calculate (-12 - 6) + (2 - -9).
-7
Evaluate -3 - (24 - (42 - -1)).
16
Calculate -4 + 3 - -1 - (8 + -105 + 62).
35
Calculate (11 - 30) + -7 + 44.
18
Evaluate 65 + -90 - (-7 + (4 + -4 - -1)).
-19
What is the value of (-7 - 1) + -1 + (95 - 123) + 7?
-30
Evaluate -569 - -576 - ((0 - -5) + 0 + 1).
1
(1 - 2) + -7 - (-2916 + 2933)
-25
What is the value of -17 - (-8 + 19 + -6 + -3 - 1)?
-18
Evaluate (-70 - -31) + 30 + 18.
9
What is the value of (15 - 4) + -4 + (368 - 352)?
23
Calculate (-12 - (-8 - (10 + -22))) + 4.
-12
-7 - ((-43 - -45) + -27 + -4 + 1)
21
Evaluate 75 - (57 + 44) - (1 + -19).
-8
Evaluate (-16 + -3 - -35) + 0.
16
Evaluate (-4 - -23) + (-3 - 10).
6
What is 0 - (18 + -26 - (6 - 15))?
-1
What is 3 + 1 + -5 + (-6 - (-4 + -7))?
4
(6 - 1) + 27 - (4 + 3)
25
Evaluate (3 - -3) + 7 + -22 + 10.
1
-6 + (-17 - -2) + 52
31
Calculate -2 + (9 - 9) + 16 + -2.
12
What is 19 - (4 + 12 + -7)?
10
Evaluate -10 - 4 - (-134 - -131).
-11
4 - (-8 + (2 - -2))
8
What is (-29 + 36 - (-5 + 3)) + (-8 - 1)?
0
What is 6 + -5 + -14 + -10 + (4 - -2)?
-17
What is the value of -16 - -10 - (-6 + 7)?
-7
What is 2 + -2 - (-7 - (-5 - 2) - -2)?
-2
-14 + (-13 - -35) + 21
29
Calculate (4 + -13 - (-2 - -6)) + (3 - 0).
-10
Calculate -3 - (16 + (-2 - 56)) - 16.
23
Calculate (-5 - -4 - -9) + (8 - 2).
14
(24 - (84 + -56)) + -14 + -1
-19
Evaluate 1 + -5 - ((-13 - -21) + -3 + -8).
-1
Calculate -8 + 11 + -9 + 4 + -1.
-3
Calculate 0 + 0 - (10 + -1 + -80 + 68).
3
15 - (1 + 20 + -1)
-5
Evaluate -5 - (7 + (5 - ((17 - 6) + -6))).
-12
Evaluate 0 + -3 + (-11 - -9 - 12) + -6.
-23
-31 - (-39 + (-43 - -28))
23
What is -61 + (25 - -18) - (-2 - 21)?
5
Calculate (2 - 6) + (-43 - -44) - (-7 + -2).
6
What is -2 + 11 + 7 + (-6 - (-3 - 8))?
21
Calculate -61 - (60 + -31 + -60).
-30
Evaluate (7 + -1 - -1) + 4 + -13.
-2
What is -5 - -8 - (0 + (2 - -3)) - -5?
3
What is 4 + -2 + -5 + (2 - -1)?
0
What is the value of (-4 - -9) + 83 + -98?
-10
Evaluate -8 - (-3 + 13 + -26 + 12).
-4
6 + 3 + -6 + -19 + 33
17
(1 - (-10 - -6)) + -6 + 3 + -1
1
What is the value of -56 + 38 + 28 - 36?
-26
Evaluate 4 + 3 - (-53 - -69).
-9
Evaluate -1 + (-11 - (-3 + 5 - 1)).
-13
What is (3 - (4 - -10 - 4)) + (13 - 12)?
-6
What is the value of (-2 + 17 - 13) + 1 + -5?
-2
What is the value of -15 + (3 - -3) + 4 + -1?
-6
What is the value of 4 + 1 + -7 + 9?
7
(15 - (-29 - -20)) + -24
0
What is -1 + -1 - (-6 - ((-16 - -45) + -17))?
16
What is -68 + 13 - (105 - 126)?
-34
What is the value of -20 - (-25 - -20 - -6)?
-21
Evaluate 9 - 3 - (-11 - -11).
6
What is -30 + 25 - (8 - 3) - -5?
-5
What is -6 + 6 - -6 - (22 - -4)?
-20
What is 2 + ((-15 - -37) + -8 - (0 + 7))?
9
Calculate -23 - (-3 - -1 - (1 - -9)).
-11
Calculate -41 + 46 + (-57 - -37).
-15
What is the value of -9 + (-19 + 10 + 9 + -3 - -8)?
-4
Evaluate 34 - (-8 + 11 - -13).
18
Evaluate 1 + 1 + 8 + 1.
11
Calculate (-239 - -229) + (3 - -8) + -1.
0
Evaluate 3 + -4 - -1 - (-25 + (18 - -7)).
0
What is -5 + (-17 - -11) + 10?
-1
Evaluate 84 + -88 + (3 - 2) + -1 + -5.
-9
Calculate 2 - (1 + (-3 - -6 - 0) - 1).
-1
43 + -37 + -2 + 2 + -3
3
Evaluate (-31 - -28) + -3 - (7 - (-1 - -1)).
-13
What is 5 + 1 + 2 - (0 + 1)?
7
8 - (-5 + (11 - (1 - 0)))
3
Evaluate -7 + 26 + (-1 - -3) + 28 + -32.
17
9 + 10 + 4 + (4 - 26)
1
What is 0 - (-2 - (6 + -9 - 20 - -11))?
-10
Evaluate 0 - -3 - (6 - (15 + -9)).
3
(-9 + 2 - (39 + -51)) + 0 + 4
9
11 + 11 + 0 + -13 + 7
16
What is the value of (24 - -2) + -7 + -5 + 0?
14
What is the value of 0 + 17 + (-15 - -6)?
8
Evaluate 2 - (-4 + (-3 - 4) + 9).
4
Evaluate (-80 - -53) + -5 + -3 + 9 + -5.
-31
What is the value of 1 + -2 - (4 - (9 + -3))?
1
(1 - 0) + (58 - 79) + 7
-13
Calculate (0 - -6) + (339 - 335).
10
Calculate 34 + -9 + 23 - 36.
12
What is the value of 4 + (-2 - (4 - 2) - 0)?
0
What is the value of (46 - -4 - 25) + -14?
11
Calculate 5 + (0 - -5 - (-11 + 18)).
3
Calculate 4 - 0 - 0 - (17 + -14 + 1).
0
Calculate 13 - (3 + 3) - (-1 - -1 - -15).
-8
(-1947 - -19